, 113, 389
List the prime factors of 14360214.
2, 3, 11, 217579
What are the prime factors of 18131208?
2, 3, 43, 17569
What are the prime factors of 10942019?
11, 29, 34301
List the prime factors of 102057.
3, 34019
List the prime factors of 964260.
2, 3, 5, 11, 487
List the prime factors of 12097049.
73, 165713
List the prime factors of 564849.
3, 62761
List the prime factors of 1114540.
2, 5, 7, 19, 419
List the prime factors of 2064506.
2, 577, 1789
What are the prime factors of 649780?
2, 5, 53, 613
List the prime factors of 1287047.
1287047
What are the prime factors of 3794598?
2, 3, 210811
What are the prime factors of 1481449?
19, 103, 757
List the prime factors of 32342532.
2, 3, 2695211
List the prime factors of 1327559.
59, 22501
List the prime factors of 520313.
520313
What are the prime factors of 208019?
7, 29717
What are the prime factors of 1190389?
67, 109, 163
What are the prime factors of 159555?
3, 5, 11, 967
List the prime factors of 19284.
2, 3, 1607
List the prime factors of 249306.
2, 3, 37, 1123
List the prime factors of 8909976.
2, 3, 371249
What are the prime factors of 14234682?
2, 3, 7, 11, 2801
List the prime factors of 558640.
2, 5, 6983
List the prime factors of 181412.
2, 7, 11, 19, 31
List the prime factors of 509012.
2, 7, 53
What are the prime factors of 997932?
2, 3, 13, 6397
List the prime factors of 6583938.
2, 3, 1097323
What are the prime factors of 496514?
2, 248257
List the prime factors of 2958694.
2, 97, 101, 151
What are the prime factors of 3280741?
29, 47, 83
List the prime factors of 1626513.
3, 7, 73, 1061
List the prime factors of 18152365.
5, 7, 11, 47149
What are the prime factors of 291543?
3, 7, 13883
List the prime factors of 3602270.
2, 5, 7, 51461
What are the prime factors of 14239457?
53, 173, 1553
What are the prime factors of 114805?
5, 22961
List the prime factors of 458430.
2, 3, 5, 7, 37, 59
What are the prime factors of 2250827?
139, 16193
List the prime factors of 2052841.
7, 293263
What are the prime factors of 3148255?
5, 11, 57241
List the prime factors of 5678804.
2, 1419701
What are the prime factors of 8970207?
3, 23, 130003
What are the prime factors of 3672296?
2, 459037
What are the prime factors of 645751?
645751
What are the prime factors of 18524493?
3, 13, 158329
What are the prime factors of 15428483?
7, 31, 1451
What are the prime factors of 1965072?
2, 3, 40939
What are the prime factors of 1789511?
907, 1973
What are the prime factors of 9043?
9043
What are the prime factors of 180299?
7, 43, 599
What are the prime factors of 24570818?
2, 2089, 5881
What are the prime factors of 679729?
337, 2017
List the prime factors of 4898280.
2, 3, 5, 40819
List the prime factors of 191244.
2, 3, 15937
What are the prime factors of 7660923?
3, 43, 59387
What are the prime factors of 177813?
3, 23, 859
List the prime factors of 324096.
2, 3, 211
List the prime factors of 162737.
109, 1493
What are the prime factors of 265535?
5, 23, 2309
What are the prime factors of 677017?
11, 61547
List the prime factors of 1791542.
2, 895771
List the prime factors of 4507428.
2, 3, 101, 3719
List the prime factors of 355614.
2, 3, 7, 8467
What are the prime factors of 6591615?
3, 5, 439441
What are the prime factors of 3063476?
2, 13, 58913
What are the prime factors of 383654?
2, 191827
What are the prime factors of 961309?
449, 2141
List the prime factors of 886599.
3, 7, 4691
List the prime factors of 688792.
2, 13, 37, 179
What are the prime factors of 2333570?
2, 5, 233357
List the prime factors of 27481393.
101, 272093
List the prime factors of 109430.
2, 5, 31, 353
List the prime factors of 1803787.
37, 48751
List the prime factors of 1811727.
3, 22367
What are the prime factors of 9373417?
9373417
List the prime factors of 475029.
3, 47, 1123
List the prime factors of 13132727.
101, 130027
List the prime factors of 363812.
2, 19, 4787
List the prime factors of 18061238.
2, 13, 41, 16943
List the prime factors of 428470.
2, 5, 7, 6121
What are the prime factors of 5547016?
2, 31, 22367
List the prime factors of 16384520.
2, 5, 157, 2609
List the prime factors of 898370.
2, 5, 11, 8167
List the prime factors of 27692144.
2, 353, 4903
What are the prime factors of 12172896?
2, 3, 73, 193
List the prime factors of 199990.
2, 5, 7, 2857
List the prime factors of 5990179.
13, 197, 2339
List the prime factors of 191627.
191627
List the prime factors of 9254743.
857, 10799
What are the prime factors of 64130?
2, 5, 11, 53
What are the prime factors of 1140522?
2, 3, 433, 439
List the prime factors of 2451051.
3, 29, 9391
What are the prime factors of 22330121?
11, 599, 3389
What are the prime factors of 11563653?
3, 3854551
What are the prime factors of 295196?
2, 11, 6709
List the prime factors of 29023257.
3, 79, 151, 811
What are the prime factors of 795354?
2, 3, 7, 29, 653
What are the prime factors of 345550?
2, 5, 6911
What are the prime factors of 104102?
2, 52051
What are the prime factors of 2973955?
5, 79, 7529
List the prime factors of 344715.
3, 5, 7, 67
What are the prime factors of 11915871?
3, 11, 41, 8807
What are the prime factors of 2151652?
2, 537913
List the prime factors of 544319.
157, 3467
List the prime factors of 297248.
2, 7, 1327
List the prime factors of 6439211.
79, 81509
What are the prime factors of 152093?
152093
List the prime factors of 128768.
2, 503
List the prime factors of 1200840.
2, 3, 5, 10007
What are the prime factors of 3639679?
31, 137, 857
List the prime factors of 74932.
2, 11, 13, 131
List the prime factors of 2080163.
59, 35257
What are the prime factors of 120966?
2, 3, 20161
What are the prime factors of 26228092?
2, 11, 596093
List the prime factors of 238229.
238229
What are the prime factors of 8438088?
2, 3, 351587
What are the prime factors of 479221?
479221
What are the prime factors of 11907542?
2, 229, 25999
What are the prime factors of 367156?
2, 19, 4831
List the prime factors of 6672708.
2, 3, 7, 26479
List the prime factors of 1216426.
2, 608213
What are the prime factors of 56898?
2, 3, 29, 109
List the prime factors of 24287739.
3, 7, 241, 4799
List the prime factors of 2782883.
17, 313, 523
What are the prime factors of 371627?
371627
What are the prime factors of 7149149?
7, 19, 1097
List the prime factors of 19647484.
2, 4911871
List the prime factors of 6595150.
2, 5, 17, 7759
List the prime factors of 2511502.
2, 7, 179393
List the prime factors of 135868.
2, 33967
What are the prime factors of 15950?
2, 5, 11, 29
List the prime factors of 15867162.
2, 3, 881509
What are the prime factors of 171815?
5, 7, 4909
What are the prime factors of 2801098?
2, 31, 45179
What are the prime factors of 120695?
5, 101, 239
What are the prime factors of 18358954?
2, 9179477
What are the prime factors of 3226130?
2, 5, 322613
What are the prime factors of 7448018?
2, 659, 5651
List the prime factors of 234206.
2, 7, 16729
What are the prime factors of 3665036?
2, 916259
List the prime factors of 67643.
17, 23, 173
What are the prime factors of 60272?
2, 3767
What are the prime factors of 22381181?
337, 66413
List the prime factors of 3364472.
2, 67, 6277
List the prime factors of 185510.
2, 5, 13, 1427
List the prime factors of 11548457.
17, 79, 8599
List the prime factors of 29410.
2, 5, 17, 173
List the prime factors of 90717.
3, 11, 2749
What are the prime factors of 10913346?
2, 3, 202099
List the prime factors of 43319098.
2, 29, 59, 12659
What are the prime factors of 407517?
3, 11, 53, 233
What are the prime factors of 514155?
3, 5, 151, 227
What are the prime factors of 5063822?
2, 449, 5639
List the prime factors of 72945.
3, 5, 1621
List the prime factors of 250877.
11, 22807
List the prime factors of 138695.
5, 27739
List the prime factors of 4730596.
2, 13, 29, 3137
List the prime factors of 2551438.
2, 1275719
What are the prime factors of 155823?
3, 51941
What are the prime factors of 22714605?
3, 5, 653, 773
What are the prime factors of 11811084?
2, 3, 19, 51803
List the prime factors of 593021.
11, 13, 29
What are the prime factors of 2091416?
2, 261427
What are the prime factors of 10358825?
5, 131, 3163
What are the prime factors of 62108?
2, 15527
List the prime factors of 311945.
5, 89, 701
What are the 